 greatest common factor of 96 and 14752.
32
Calculate the greatest common factor of 6480 and 112.
16
What is the highest common factor of 40 and 12328?
8
Calculate the highest common divisor of 23800 and 1666.
238
What is the greatest common divisor of 37737 and 1197?
63
Calculate the greatest common divisor of 352388 and 740.
148
What is the highest common divisor of 82478 and 418?
22
What is the highest common factor of 1147731 and 39?
39
Calculate the highest common factor of 470806 and 70.
14
What is the greatest common divisor of 1241 and 6392?
17
What is the greatest common divisor of 122213 and 1326?
221
What is the highest common divisor of 290724 and 60?
12
Calculate the greatest common divisor of 54 and 79632.
18
What is the greatest common divisor of 487926 and 90?
18
What is the greatest common divisor of 41136 and 300?
12
Calculate the highest common divisor of 1908 and 905028.
636
What is the highest common divisor of 2158 and 145333?
83
Calculate the highest common divisor of 645 and 112445.
215
Calculate the greatest common factor of 67009 and 565.
113
What is the greatest common divisor of 24732 and 21?
3
What is the highest common divisor of 5072 and 211122?
634
Calculate the highest common factor of 85008 and 224.
112
Calculate the greatest common factor of 747 and 3403.
83
Calculate the highest common divisor of 132 and 1294.
2
What is the highest common factor of 2160 and 458760?
120
What is the highest common factor of 252 and 34704?
36
What is the greatest common divisor of 263 and 376879?
263
Calculate the highest common factor of 150594 and 38.
38
Calculate the greatest common factor of 5426019 and 27.
9
What is the highest common divisor of 60386 and 872?
218
What is the greatest common factor of 14701 and 1?
1
Calculate the highest common factor of 15075 and 495.
45
Calculate the greatest common divisor of 1679590 and 44.
22
What is the greatest common divisor of 210580 and 60?
20
What is the highest common factor of 151437 and 1339?
13
Calculate the highest common factor of 243 and 486.
243
Calculate the highest common divisor of 515415 and 15.
15
What is the greatest common divisor of 552783 and 63?
21
Calculate the greatest common divisor of 383516 and 224.
28
What is the highest common factor of 352 and 360448?
352
What is the greatest common divisor of 629 and 5513?
37
What is the highest common factor of 6 and 476958?
6
What is the greatest common divisor of 82620 and 85?
85
What is the highest common factor of 136 and 5508?
68
What is the greatest common divisor of 1386 and 5592510?
1386
Calculate the highest common divisor of 64484 and 532.
28
Calculate the greatest common divisor of 13156 and 748.
44
What is the highest common divisor of 1008 and 74907?
63
What is the highest common divisor of 125914 and 8020?
802
What is the greatest common divisor of 648 and 1539?
81
What is the highest common divisor of 13530 and 3157?
451
Calculate the highest common factor of 24 and 24136.
8
Calculate the greatest common divisor of 3132 and 52113.
87
What is the highest common factor of 11550 and 378?
42
Calculate the highest common divisor of 184 and 1015864.
184
Calculate the highest common divisor of 16512 and 32544.
96
What is the greatest common divisor of 21 and 12053013?
21
Calculate the greatest common factor of 356075 and 500.
25
Calculate the highest common divisor of 893 and 2491.
47
What is the greatest common divisor of 1911 and 26264?
49
What is the highest common factor of 61683 and 87?
87
What is the greatest common divisor of 100450 and 245?
245
What is the greatest common divisor of 8 and 656416?
8
What is the highest common divisor of 12 and 3189474?
6
What is the greatest common divisor of 255 and 9735?
15
Calculate the greatest common divisor of 4400 and 20400.
400
Calculate the greatest common divisor of 416 and 885716.
52
What is the highest common factor of 891 and 2087019?
297
Calculate the highest common divisor of 10404 and 17629.
289
What is the greatest common factor of 83330 and 8450?
130
What is the greatest common factor of 2073 and 167222?
691
What is the highest common factor of 64 and 69152?
32
Calculate the greatest common divisor of 1522 and 124043.
761
Calculate the highest common divisor of 23250 and 1350.
150
Calculate the greatest common divisor of 1449 and 1115523.
207
Calculate the highest common factor of 17838 and 91172.
1982
Calculate the highest common factor of 66 and 126214.
22
Calculate the highest common divisor of 1176 and 128842.
14
Calculate the highest common divisor of 27632 and 6028.
44
What is the highest common factor of 28 and 20902?
14
Calculate the highest common factor of 9503811 and 81.
81
Calculate the highest common divisor of 19968 and 1505920.
1664
What is the greatest common divisor of 705 and 611?
47
What is the greatest common divisor of 8184 and 108872?
248
What is the highest common divisor of 12084 and 612?
12
Calculate the highest common divisor of 32 and 6933.
1
What is the highest common divisor of 8382 and 330?
66
Calculate the highest common divisor of 1421052 and 948.
948
Calculate the highest common divisor of 10595 and 39.
13
Calculate the greatest common divisor of 5933 and 22780.
17
Calculate the highest common divisor of 946974 and 882.
294
What is the highest common divisor of 11 and 208571?
11
Calculate the greatest common factor of 345 and 8279195.
115
Calculate the greatest common divisor of 156 and 125437.
13
What is the highest common divisor of 9950 and 69500?
50
What is the highest common factor of 1683 and 7227?
99
What is the highest common factor of 2780960 and 416?
416
Calculate the highest common divisor of 1487349 and 18.
9
What is the highest common factor of 3383 and 544?
17
What is the greatest common divisor of 3972 and 1272?
12
Calculate the greatest common factor of 200 and 2508200.
200
What is the greatest common factor of 7558764 and 12?
12
Calculate the greatest common divisor of 5424 and 43053.
339
Calculate the greatest common divisor of 16284 and 1593.
177
What is the greatest common factor of 220 and 176?
44
What is the highest common divisor of 23968 and 3852?
428
What is the highest common divisor of 33 and 84931?
11
What is the greatest common factor of 8094 and 3306?
114
Calculate the greatest common factor of 35138 and 254.
2
Calculate the highest common divisor of 325 and 173.
1
What is the highest common divisor of 3 and 2821587?
3
What is the greatest common divisor of 18 and 199278?
18
Calculate the greatest common divisor of 2533212 and 55.
11
What is the highest common factor of 2 and 13438?
2
What is the highest common divisor of 1201508 and 539?
77
What is the highest common factor of 693 and 50787?
99
What is the highest common factor of 1725 and 44640?
15
Calculate the highest common factor of 747142 and 22.
22
Calculate the highest common factor of 130 and 888186.
26
Calculate the greatest common divisor of 11662 and 112.
14
What is the highest common factor of 539 and 19355?
49
What is the highest common divisor of 348 and 34220?
116
What is the highest common factor of 188 and 15322?
94
Calculate the highest common divisor of 44 and 7400.
4
What is the greatest common factor of 48 and 7464648?
24
What is the highest common factor of 176 and 692934?
22
Calculate the highest common factor of 164 and 107092.
164
What is the greatest common divisor of 1944 and 14823?
243
What is the greatest common factor of 610 and 232105?
305
Calculate the highest common factor of 86 and 960.
2
What is the highest common divisor of 236728 and 40076?
932
Calculate the greatest common factor of 5 and 170580.
5
Calculate the highest common factor of 1135 and 94.
1
What is the highest common divisor of 35925 and 45?
15
Calculate the greatest common divisor of 271 and 6233.
271
What is the greatest common divisor of 102 and 162?
6
Calculate the greatest common divisor of 30464 and 23324.
476
Calculate the greatest common factor of 80 and 246220.
20
Calculate the greatest common factor of 74844 and 66.
66
Calculate the highest common factor of 1683 and 108477.
153
Calculate the highest common divisor of 64 and 94728.
8
What is the highest common divisor of 15939 and 55935?
99
Calculate the highest common factor 